e remainder when 746963 is divided by 1306?
1237
Calculate the remainder when 66648 is divided by 17.
8
What is the remainder when 6009647 is divided by 146?
141
Calculate the remainder when 39907 is divided by 13299.
10
What is the remainder when 4095602 is divided by 221?
30
Calculate the remainder when 4475124 is divided by 9189.
81
What is the remainder when 870448 is divided by 870444?
4
Calculate the remainder when 452459 is divided by 602.
357
Calculate the remainder when 407969 is divided by 84.
65
What is the remainder when 37441 is divided by 89?
61
What is the remainder when 7831618 is divided by 54?
52
Calculate the remainder when 1544808 is divided by 12458.
16
What is the remainder when 5572236 is divided by 8?
4
What is the remainder when 91726 is divided by 5094?
34
What is the remainder when 3968898 is divided by 283491?
24
What is the remainder when 802652 is divided by 10974?
1550
Calculate the remainder when 176687 is divided by 5191.
193
What is the remainder when 80640251 is divided by 15?
11
What is the remainder when 4946956 is divided by 14014?
14
Calculate the remainder when 4780872 is divided by 104.
96
What is the remainder when 98185 is divided by 1986?
871
Calculate the remainder when 3578161 is divided by 2325.
2311
Calculate the remainder when 7753810 is divided by 279.
121
What is the remainder when 3660382 is divided by 1676?
1674
Calculate the remainder when 14343654 is divided by 640.
614
Calculate the remainder when 36755 is divided by 5132.
831
What is the remainder when 567526 is divided by 16687?
168
Calculate the remainder when 18016 is divided by 2510.
446
Calculate the remainder when 34020 is divided by 10300.
3120
Calculate the remainder when 36539 is divided by 623.
405
Calculate the remainder when 4959995 is divided by 64.
59
Calculate the remainder when 16948462 is divided by 1063.
1053
Calculate the remainder when 30230 is divided by 29836.
394
What is the remainder when 1463703 is divided by 1463691?
12
Calculate the remainder when 231409 is divided by 38265.
1819
What is the remainder when 830731 is divided by 415212?
307
Calculate the remainder when 176588305 is divided by 35317660.
5
What is the remainder when 270229 is divided by 90013?
190
What is the remainder when 11423843 is divided by 1427979?
11
Calculate the remainder when 8610676 is divided by 8960.
116
What is the remainder when 74012746 is divided by 1574739?
13
What is the remainder when 5184844 is divided by 33?
16
What is the remainder when 51982 is divided by 5185?
132
Calculate the remainder when 2149 is divided by 1830.
319
Calculate the remainder when 119164209 is divided by 3.
0
Calculate the remainder when 14243723 is divided by 2848737.
38
What is the remainder when 70896136 is divided by 2555?
2551
What is the remainder when 737317 is divided by 3111?
10
Calculate the remainder when 61728043 is divided by 453.
451
What is the remainder when 664456 is divided by 393?
286
What is the remainder when 9868 is divided by 651?
103
Calculate the remainder when 2423476 is divided by 890.
6
What is the remainder when 18237 is divided by 333?
255
What is the remainder when 158350572 is divided by 708?
0
Calculate the remainder when 113500 is divided by 2925.
2350
Calculate the remainder when 279655 is divided by 139824.
7
What is the remainder when 911258 is divided by 31420?
78
What is the remainder when 4238941 is divided by 32?
29
What is the remainder when 572592 is divided by 7843?
53
What is the remainder when 437516 is divided by 555?
176
What is the remainder when 210875665 is divided by 52718914?
9
What is the remainder when 233607 is divided by 258?
117
What is the remainder when 186857897 is divided by 479?
476
What is the remainder when 935011 is divided by 934957?
54
What is the remainder when 214108 is divided by 1755?
1753
What is the remainder when 18664608 is divided by 842?
836
Calculate the remainder when 2479983 is divided by 3592.
1503
What is the remainder when 1286409477 is divided by 30?
27
Calculate the remainder when 97705 is divided by 5429.
5412
Calculate the remainder when 1602120 is divided by 200257.
64
What is the remainder when 248776 is divided by 44?
0
Calculate the remainder when 479307 is divided by 15777.
5997
What is the remainder when 4043921 is divided by 48?
17
What is the remainder when 172355 is divided by 42633?
1823
What is the remainder when 195193 is divided by 1555?
818
Calculate the remainder when 331492 is divided by 3723.
145
Calculate the remainder when 34919 is divided by 610.
149
What is the remainder when 966372 is divided by 14866?
82
Calculate the remainder when 1358793 is divided by 105.
93
What is the remainder when 14977150 is divided by 141?
130
What is the remainder when 4249336 is divided by 2187?
2182
What is the remainder when 43070694 is divided by 5582?
5564
What is the remainder when 173166 is divided by 13154?
2164
Calculate the remainder when 2452987 is divided by 72.
19
What is the remainder when 333801 is divided by 111219?
144
What is the remainder when 1122060 is divided by 11932?
452
What is the remainder when 14776312 is divided by 6478?
6472
What is the remainder when 165052 is divided by 76?
56
Calculate the remainder when 3460479 is divided by 53.
3
What is the remainder when 1194361 is divided by 127?
53
Calculate the remainder when 1091053 is divided by 181771.
427
What is the remainder when 1889875 is divided by 926?
835
What is the remainder when 4726 is divided by 1693?
1340
What is the remainder when 324662 is divided by 81135?
122
What is the remainder when 11002 is divided by 2187?
67
What is the remainder when 2197507 is divided by 221?
104
Calculate the remainder when 142881 is divided by 496.
33
Calculate the remainder when 18528484 is divided by 2714.
6
What is the remainder when 496367 is divided by 93?
26
What is the remainder when 162429 is divided by 1769?
1450
Calculate the remainder when 139169444 is divided by 15.
14
Calculate the remainder when 339104 is divided by 84.
80
Calculate the remainder when 88942792 is divided by 33.
4
What is the remainder when 106112243 is divided by 12?
11
Calculate the remainder when 4522747 is divided by 7078.
6983
Calculate the remainder when 560989 is divided by 280426.
137
Calculate the remainder when 977939 is divided by 1728.
1619
Calculate the remainder when 481315993 is divided by 22.
15
Calculate the remainder when 167010479 is divided by 23858639.
6
What is the remainder when 16162621 is divided by 3433?
57
Calculate the remainder when 448960 is divided by 26.
18
What is the remainder when 563983 is divided by 2400?
2383
What is the remainder when 68562 is divided by 33778?
1006
What is the remainder when 10132 is divided by 1144?
980
What is the remainder when 1587600 is divided by 7?
0
Calculate the remainder when 4638819 is divided by 772.
643
Calculate the remainder when 17249 is divided by 2648.
1361
Calculate the remainder when 7733612 is divided by 1546720.
12
What is the remainder when 4379114 is divided by 182460?
74
Calculate the remainder when 120598 is divided by 1.
0
What is the remainder when 1420502 is divided by 1212?
38
What is the remainder when 314066 is divided by 142?
104
Calculate the remainder when 240651 is divided by 151.
108
What is the remainder when 139017260 is divided by 1038?
1034
Calculate the remainder when 18068786 is divided by 229.
228
Calculate the remainder when 224046 is divided by 1144.
966
What is the remainder when 1645605 is divided by 432?
117
Calculate the remainder when 500921 is divided by 153.
152
What is the remainder when 203796 is divided by 10726?
2
What is the remainder when 608228059 is divided by 6504?
6499
Calculate the remainder when 1833617 is divided by 1083.
98
What is the remainder when 44131 is divided by 9?
4
Calculate the remainder when 121804556 is divided by 763.
762
What is the remainder when 944305 is divided by 324?
169
Calculate the remainder when 536866 is divided by 89.
18
What is the remainder when 3009767 is divided by 46304?
7
What is the remainder when 12422291 is divided by 62?
33
Calculate the remainder when 593391 is divided by 844.
59
What is the remainder when 30860 is divided by 10149?
413
Calculate the rema